{"id":101,"date":"2012-01-29T16:46:39","date_gmt":"2012-01-29T16:46:39","guid":{"rendered":"http:\/\/www.vs-haimburg.ksn.at\/?page_id=101"},"modified":"2012-04-28T14:24:58","modified_gmt":"2012-04-28T12:24:58","slug":"leitbild-2","status":"publish","type":"page","link":"https:\/\/vs-haimburg.ksn.at\/?page_id=101","title":{"rendered":"Leitbild"},"content":{"rendered":"<p><span style=\"font-size: small;\">Uns Lehrern macht das Unterrichten Spa\u00df, und wir gehen gern in unsere Schule. Auch unsere Sch\u00fclerinnen und Sch\u00fcler sollen mit Freude in die Schule gehen, denn hier verbringen sie einen gro\u00dfen Teil ihres Tages und somit einen gro\u00dfen Teil ihrer Kindheit.<\/span><\/p>\n<p><span style=\"color: #213474; font-size: small;\"><span style=\"color: #000000;\"><strong>Unsere Schule ist eine offene und lebendige Schule,<\/strong><\/span><br \/>\n<\/span><\/p>\n<ul style=\"list-style-type: disc;\">\n<li><span style=\"font-size: small;\">in der es neben Regeln auch Freiheiten gibt,<\/span><\/li>\n<li><span style=\"font-size: small;\">in der sich Lehrer, Kinder und Eltern f\u00fcreinander interessieren und Zeit nehmen.<\/span><\/li>\n<\/ul>\n<p><span style=\"font-size: small; color: #000000;\"><strong>Beim Lernen in unserer Schule erfahren die Kinder, dass:<\/strong><\/span><\/p>\n<ul style=\"list-style-type: disc;\">\n<li><span style=\"font-size: small;\">jeder etwas kann, aber nicht alle dasselbe oder alles gleich gut,<\/span><\/li>\n<li><span style=\"font-size: small;\">man das Lernen lernen kann,\u00a0 <\/span><\/li>\n<li><span style=\"font-size: small;\">Lehrer immer helfen und f\u00f6rdern, <\/span><\/li>\n<li><span style=\"font-size: small;\">man allein und mit anderen gemeinsam lernen kann,<\/span><\/li>\n<li><span style=\"font-size: small;\">ihr Wert als Person unabh\u00e4ngig von ihrem Erfolg ist, <\/span><\/li>\n<li><span style=\"font-size: small;\">das Lernen Spa\u00df macht und man oft im Spiel gut lernen kann,<\/span><\/li>\n<li><span style=\"font-size: small;\">Projektarbeit besonders interessant ist.\u00a0\u00a0\u00a0<\/span><\/li>\n<\/ul>\n<p><span style=\"color: #000000; font-size: small;\"><strong>Neben dem Lernen sollen unsere Sch\u00fcler auch<\/strong><\/span><\/p>\n<ul style=\"list-style-type: disc;\">\n<li><span style=\"font-size: small;\">lachen k\u00f6nnen,<\/span><\/li>\n<li><span style=\"font-size: small;\">Freunde finden k\u00f6nnen,<\/span><\/li>\n<li><span style=\"font-size: small;\">einzeln und in der Gemeinschaft wichtige Erlebnisse haben und Erfahrungen machen,<\/span><\/li>\n<li><span style=\"font-size: small;\">Regeln kennen lernen und diese auch einhalten.<\/span><\/li>\n<\/ul>\n<p><span style=\"color: #000000; font-size: small;\"><strong>Wichtig f\u00fcr das Lernen und das Zusammenleben sind das Schulgeb\u00e4ude selbst, die Klassenzimmer, der Pausenraum mit offener Leseecke und der Schulhof.<\/strong><\/span><br \/>\n<span style=\"font-size: small;\"> Darum<\/span><\/p>\n<ul style=\"list-style-type: disc;\">\n<li><span style=\"font-size: small;\">finden sich Dinge, die einen Raum gem\u00fctlich machen,<\/span><\/li>\n<li><span style=\"font-size: small;\">werden Werke der Kinder im gesamten Schulhaus ausgestellt,<\/span><\/li>\n<li><span style=\"font-size: small;\">werden Aussehen der Klasse und Sitzordnungen \u00f6fter ver\u00e4ndert,<\/span><\/li>\n<li><span style=\"font-size: small;\">freuen wir uns auf unsere Arbeitsbereiche im Freien.<\/span><\/li>\n<\/ul>\n<p><span style=\"font-size: small; color: #000000;\"><strong>F\u00fcr uns als Lehrerkollegium sind sowohl das Ziel als auch der Weg dorthin wichtig. Wir wollen uns in st\u00e4ndiger Auseinandersetzung mit unserem p\u00e4dagogischen Programm weiterentwickeln.<\/strong><\/span><\/p>\n<p><span style=\"color: #000000; font-size: small;\"><strong>Individualisierung und Differenzierung<\/strong><\/span><\/p>\n<ul style=\"list-style-type: disc;\">\n<li><span style=\"font-size: small;\">offene Lernformen<\/span><\/li>\n<li><span style=\"font-size: small;\">Buchstabentage<\/span><\/li>\n<li><span style=\"font-size: small;\">Ber\u00fccksichtigung unterschiedlicher Lernvoraussetzungen<\/span><\/li>\n<li><span style=\"font-size: small;\">umfangreiche Ausstattung mit Lernspielen in allen Klassen<\/span><\/li>\n<li><span style=\"font-size: small;\">Kleingruppenbetreuung<\/span><\/li>\n<li><span style=\"font-size: small;\">Projektunterricht<\/span><\/li>\n<li><span style=\"font-size: small;\">individuelle F\u00f6rderung und St\u00fctzung<\/span><\/li>\n<li><span style=\"font-size: small;\">Soziales Lernen<\/span><\/li>\n<\/ul>\n<p>&nbsp;<\/p>\n","protected":false},"excerpt":{"rendered":"<p>Uns Lehrern macht das Unterrichten Spa\u00df, und wir gehen gern in unsere Schule. Auch unsere Sch\u00fclerinnen und Sch\u00fcler sollen mit Freude in die Schule gehen, denn hier verbringen sie einen gro\u00dfen Teil ihres Tages und somit einen gro\u00dfen Teil ihrer &hellip; <a href=\"https:\/\/vs-haimburg.ksn.at\/?page_id=101\">Weiterlesen <span class=\"meta-nav\">&rarr;<\/span><\/a><\/p>\n","protected":false},"author":1,"featured_media":0,"parent":62,"menu_order":1,"comment_status":"closed","ping_status":"closed","template":"sidebar-page.php","meta":[],"_links":{"self":[{"href":"https:\/\/vs-haimburg.ksn.at\/index.php?rest_route=\/wp\/v2\/pages\/101"}],"collection":[{"href":"https:\/\/vs-haimburg.ksn.at\/index.php?rest_route=\/wp\/v2\/pages"}],"about":[{"href":"https:\/\/vs-haimburg.ksn.at\/index.php?rest_route=\/wp\/v2\/types\/page"}],"author":[{"embeddable":true,"href":"https:\/\/vs-haimburg.ksn.at\/index.php?rest_route=\/wp\/v2\/users\/1"}],"replies":[{"embeddable":true,"href":"https:\/\/vs-haimburg.ksn.at\/index.php?rest_route=%2Fwp%2Fv2%2Fcomments&post=101"}],"version-history":[{"count":16,"href":"https:\/\/vs-haimburg.ksn.at\/index.php?rest_route=\/wp\/v2\/pages\/101\/revisions"}],"predecessor-version":[{"id":1541,"href":"https:\/\/vs-haimburg.ksn.at\/index.php?rest_route=\/wp\/v2\/pages\/101\/revisions\/1541"}],"up":[{"embeddable":true,"href":"https:\/\/vs-haimburg.ksn.at\/index.php?rest_route=\/wp\/v2\/pages\/62"}],"wp:attachment":[{"href":"https:\/\/vs-haimburg.ksn.at\/index.php?rest_route=%2Fwp%2Fv2%2Fmedia&parent=101"}],"curies":[{"name":"wp","href":"https:\/\/api.w.org\/{rel}","templated":true}]}}