{"id":1132,"date":"2012-03-01T08:44:49","date_gmt":"2012-03-01T07:44:49","guid":{"rendered":"http:\/\/www.vs-haimburg.ksn.at\/?page_id=1132"},"modified":"2024-09-16T10:57:46","modified_gmt":"2024-09-16T08:57:46","slug":"bildungsserver","status":"publish","type":"page","link":"https:\/\/vs-haimburg.ksn.at\/?page_id=1132","title":{"rendered":"Bildungsserver"},"content":{"rendered":"\n<table style=\"border-collapse: collapse; width: 100%;\">\n<tbody>\n<tr>\n<td style=\"width: 49.5114%;\">\n<p><a href=\"http:\/\/www.schule.at\/startseite.html\" target=\"_blank\" rel=\"noopener noreferrer\">\u00d6sterreichisches Schulportal<\/a><\/p>\n<p><a href=\"https:\/\/www.courseticket.com\/de\/u\/bildungsland-kartnen\" target=\"_blank\" rel=\"noopener noreferrer\">Bildungsland K\u00e4rnten<\/a><\/p>\n<p><a href=\"https:\/\/www.bildung-ktn.gv.at\/Minderheitenschulwesen.html\" target=\"_blank\" rel=\"noopener noreferrer\">Zweisprachiges Schulwesen in K\u00e4rnten<\/a><\/p>\n<p><a href=\"http:\/\/www.edugroup.at\/\" target=\"_blank\" rel=\"noopener noreferrer\">edugroup Ober\u00f6sterreich<\/a><\/p>\n<p><a href=\"http:\/\/www.bildungsserver.com\/\" target=\"_blank\" rel=\"noopener noreferrer\">Bildungsserver Burgenland<\/a><\/p>\n<p><a href=\"http:\/\/bildung.salzburg.at\/\" target=\"_blank\" rel=\"noopener noreferrer\">Salzburger Bildungsnetz<\/a><\/p>\n<p><a href=\"http:\/\/www.menschen.steiermark.at\/cms\/ziel\/32416476\/DE\/\" target=\"_blank\" rel=\"noopener noreferrer\">Steirischer Bildungsserver<\/a><\/p>\n<p><a href=\"http:\/\/www.tibs.at\/\" target=\"_blank\" rel=\"noopener noreferrer\">Tiroler Bildungsservice<\/a><\/p>\n<\/td>\n<td style=\"width: 50.4886%; text-align: left; vertical-align: top;\">\n<p><a href=\"http:\/\/www.vobs.at\/\" target=\"_blank\" rel=\"noopener noreferrer\">Vorarlberger Bildungsservice<\/a><\/p>\n<p><a href=\"https:\/\/bildungsserver.wien\/start\/home-wiener-bildungsserver\" target=\"_blank\" rel=\"noopener noreferrer\">Wiener Bildungsserver<\/a><\/p>\n<p><a href=\"http:\/\/www.sicher-im-internet.at\/\" target=\"_blank\" rel=\"noopener noreferrer\">Sicher im Internet<\/a><\/p>\n<p><a href=\"http:\/\/www.saferinternet.at\/\" target=\"_blank\" rel=\"noopener noreferrer\">Saferinternet<\/a><\/p>\n<p><a href=\"http:\/\/www2.lse.ac.uk\/media@lse\/research\/EUKidsOnline\/Home.aspx\" target=\"_blank\" rel=\"noopener noreferrer\">EU Kids Online<\/a><\/p>\n<p><a href=\"https:\/\/www.elternkompass.de\/die-besten-kinderseiten-fuer-grundschueler-im-netz\/\" target=\"_blank\" rel=\"noopener noreferrer\">Gute Kinderseiten im Netz<\/a><\/p>\n<p><a href=\"https:\/\/www.schau-hin.info\/\" target=\"_blank\" rel=\"noopener noreferrer\">Schau hin \u2013 Medien erleben<\/a><\/p>\n<p><span style=\"color: #ff0000;\">NEU \u2013 f\u00fcr Eltern:<\/span> <a href=\"http:\/\/www.swisscom.ch\/de\/medienstark.html\" target=\"_blank\" rel=\"noopener noreferrer\">Medienstark<\/a><\/p>\n<\/td>\n<\/tr>\n<\/tbody>\n<\/table>\n<p>&nbsp;<\/p>\n","protected":false},"excerpt":{"rendered":"<p>\u00d6sterreichisches Schulportal Bildungsland K\u00e4rnten Zweisprachiges Schulwesen in K\u00e4rnten edugroup Ober\u00f6sterreich Bildungsserver Burgenland Salzburger Bildungsnetz Steirischer Bildungsserver Tiroler Bildungsservice Vorarlberger Bildungsservice Wiener Bildungsserver Sicher im Internet Saferinternet EU Kids Online Gute Kinderseiten im Netz Schau hin \u2013 Medien erleben NEU \u2013 &hellip; <a href=\"https:\/\/vs-haimburg.ksn.at\/?page_id=1132\">Weiterlesen <span class=\"meta-nav\">&rarr;<\/span><\/a><\/p>\n","protected":false},"author":1000,"featured_media":0,"parent":0,"menu_order":0,"comment_status":"closed","ping_status":"closed","template":"sidebar-page.php","meta":[],"_links":{"self":[{"href":"https:\/\/vs-haimburg.ksn.at\/index.php?rest_route=\/wp\/v2\/pages\/1132"}],"collection":[{"href":"https:\/\/vs-haimburg.ksn.at\/index.php?rest_route=\/wp\/v2\/pages"}],"about":[{"href":"https:\/\/vs-haimburg.ksn.at\/index.php?rest_route=\/wp\/v2\/types\/page"}],"author":[{"embeddable":true,"href":"https:\/\/vs-haimburg.ksn.at\/index.php?rest_route=\/wp\/v2\/users\/1000"}],"replies":[{"embeddable":true,"href":"https:\/\/vs-haimburg.ksn.at\/index.php?rest_route=%2Fwp%2Fv2%2Fcomments&post=1132"}],"version-history":[{"count":33,"href":"https:\/\/vs-haimburg.ksn.at\/index.php?rest_route=\/wp\/v2\/pages\/1132\/revisions"}],"predecessor-version":[{"id":4922,"href":"https:\/\/vs-haimburg.ksn.at\/index.php?rest_route=\/wp\/v2\/pages\/1132\/revisions\/4922"}],"wp:attachment":[{"href":"https:\/\/vs-haimburg.ksn.at\/index.php?rest_route=%2Fwp%2Fv2%2Fmedia&parent=1132"}],"curies":[{"name":"wp","href":"https:\/\/api.w.org\/{rel}","templated":true}]}}