{"id":190,"date":"2012-01-30T10:58:20","date_gmt":"2012-01-30T09:58:20","guid":{"rendered":"http:\/\/www.vs-haimburg.ksn.at\/?page_id=190"},"modified":"2025-09-11T19:36:55","modified_gmt":"2025-09-11T17:36:55","slug":"team","status":"publish","type":"page","link":"https:\/\/vs-haimburg.ksn.at\/?page_id=190","title":{"rendered":"Unser Team"},"content":{"rendered":"<p>Schuljahr 2025\/26<br \/>\n\n<table id=\"tablepress-6\" class=\"tablepress tablepress-id-6\">\n<tbody>\n<tr class=\"row-1\">\n\t<td class=\"column-1\"><img src=\"https:\/\/vs-haimburg.ksn.at\/wp-content\/uploads\/Matschek.jpg\" alt=\"Matschek Figo Christine\" width=\"120\" height=\"150\" class=\"alignnone size-full wp-image-3511\" \/><\/td><td class=\"column-2\"><\/td><td class=\"column-3\"><br \/>\nMATSCHEK-FIGO Christine<br \/>\nSchulleiterin <br \/>\nTeamlehrerin 2. Klasse <br \/>\n<br \/>\n<a href=\"mailto:direktion@vs-haimburg.ksn.at\" rel=\"noopener\" target=\"_blank\">direktion@vs-haimburg.ksn.at<\/a><\/td>\n<\/tr>\n<tr class=\"row-2\">\n\t<td class=\"column-1\"><img src=\"https:\/\/vs-haimburg.ksn.at\/wp-content\/uploads\/2021\/11\/Lassnig01.jpg\" alt=\"\" width=\"120\" height=\"150\" class=\"alignnone size-full wp-image-4112\" \/><\/td><td class=\"column-2\"><\/td><td class=\"column-3\"><br \/>\nGRAF Maria, BEd<br \/>\nKlassenlehrerin 1. Klasse<br \/>\nSchulleiterin-Stellvertreterin<br \/>\n<br \/>\n<a href=\"mailto:maria.lassnig@vs-haimburg.ksn.at\" rel=\"noopener\" target=\"_blank\">maria.graf@vs-haimburg.ksn.at<\/a><\/td>\n<\/tr>\n<tr class=\"row-3\">\n\t<td class=\"column-1\"><img src=\"https:\/\/vs-haimburg.ksn.at\/wp-content\/uploads\/Woschitz-Igor.jpg\" alt=\"Woschitz Igor\" width=\"120\" height=\"150\" class=\"alignnone size-full wp-image-2324\" \/><\/td><td class=\"column-2\"><\/td><td class=\"column-3\"><br \/>\n<br \/>\nWOSCHITZ Igor<br \/>\nKlassenlehrer 2. Klasse<br \/>\n<br \/>\n<a href=\"mailto:igor.woschitz@vs-haimburg.ksn.at\" rel=\"noopener\" target=\"_blank\">igor.woschitz@vs-haimburg.ksn.at<\/a><\/td>\n<\/tr>\n<tr class=\"row-4\">\n\t<td class=\"column-1\"><img src=\"https:\/\/vs-haimburg.ksn.at\/wp-content\/uploads\/2022\/01\/Isak-Daniela.jpg\" alt=\"\" width=\"120\" height=\"150\" class=\"alignnone size-full wp-image-4380\" \/><\/td><td class=\"column-2\"><\/td><td class=\"column-3\"><br \/>\n<br \/>\nISAK Daniela<br \/>\nTeamlehrerin 1. Klasse<br \/>\n<br \/>\n<a href=\"mailto:daniela.isak@vs-haimburg.ksn.at\" rel=\"noopener\" target=\"_blank\">daniela.isak@vs-haimburg.ksn.at<\/a><\/td>\n<\/tr>\n<tr class=\"row-5\">\n\t<td class=\"column-1\"><img src=\"https:\/\/vs-haimburg.ksn.at\/wp-content\/uploads\/2025\/09\/Kuster-Kathrin.jpg\" alt=\"\" width=\"120\" height=\"150\" class=\"alignnone size-full wp-image-5105\" \/><\/td><td class=\"column-2\"><\/td><td class=\"column-3\"><br \/>\n<br \/>\n<br \/>\nKUSTER Kathrin, M.Ed.<br \/>\nr\u00f6m. kath. Religionsunterricht<\/td>\n<\/tr>\n<tr class=\"row-6\">\n\t<td class=\"column-1\"><img src=\"https:\/\/vs-haimburg.ksn.at\/wp-content\/uploads\/2024\/09\/Kulmitzer-Gabriele.jpg\" alt=\"\" width=\"120\" height=\"150\" class=\"alignnone size-full wp-image-4927\" \/><\/td><td class=\"column-2\"><\/td><td class=\"column-3\"><br \/>\n<br \/>\n<br \/>\nKULMITZER Gabriele<br \/>\nSprachheilp\u00e4dagogik<\/td>\n<\/tr>\n<tr class=\"row-7\">\n\t<td class=\"column-1\"><img src=\"https:\/\/vs-haimburg.ksn.at\/wp-content\/uploads\/2025\/09\/Riepl-Yvonne.jpg\" alt=\"\" width=\"120\" height=\"150\" class=\"alignnone size-full wp-image-5155\" \/><\/td><td class=\"column-2\"><\/td><td class=\"column-3\"><br \/>\n<br \/>\n<br \/>\nRIEPL Yvonne<br \/>\nNachmittagsbetreuung<br \/>\n<br \/>\n<\/td>\n<\/tr>\n<tr class=\"row-8\">\n\t<td class=\"column-1\"><img src=\"https:\/\/vs-haimburg.ksn.at\/wp-content\/uploads\/2022\/11\/Heidi-Blassenegger.jpg\" alt=\"\" width=\"120\" height=\"150\" class=\"alignnone size-full wp-image-4489\" \/><\/td><td class=\"column-2\"><\/td><td class=\"column-3\"><br \/>\n<br \/>\n<br \/>\nLOBNIG-BLASSNEGGER Adelheid<br \/>\nDer \"Gute Geist des Hauses\"<br \/>\n<br \/>\n<\/td>\n<\/tr>\n<\/tbody>\n<\/table>\n<!-- #tablepress-6 from cache --><\/p>\n<p>Im Schuljahr 1991\/92 kam VL Christine Matschek-Figo an die VS Haimburg. Sie \u00fcbernahm nach dem Pensionsantritt von Herrn VD J\u00fcrgen Buchmann am 1. M\u00e4rz 2003 die verantwortungsvolle Stelle als provisorische Leiterin dieser Schule.<\/p>\n","protected":false},"excerpt":{"rendered":"<p>Schuljahr 2025\/26 Im Schuljahr 1991\/92 kam VL Christine Matschek-Figo an die VS Haimburg. Sie \u00fcbernahm nach dem Pensionsantritt von Herrn VD J\u00fcrgen Buchmann am 1. M\u00e4rz 2003 die verantwortungsvolle Stelle als provisorische Leiterin dieser Schule.<\/p>\n","protected":false},"author":1000,"featured_media":0,"parent":65,"menu_order":0,"comment_status":"closed","ping_status":"closed","template":"sidebar-page.php","meta":[],"_links":{"self":[{"href":"https:\/\/vs-haimburg.ksn.at\/index.php?rest_route=\/wp\/v2\/pages\/190"}],"collection":[{"href":"https:\/\/vs-haimburg.ksn.at\/index.php?rest_route=\/wp\/v2\/pages"}],"about":[{"href":"https:\/\/vs-haimburg.ksn.at\/index.php?rest_route=\/wp\/v2\/types\/page"}],"author":[{"embeddable":true,"href":"https:\/\/vs-haimburg.ksn.at\/index.php?rest_route=\/wp\/v2\/users\/1000"}],"replies":[{"embeddable":true,"href":"https:\/\/vs-haimburg.ksn.at\/index.php?rest_route=%2Fwp%2Fv2%2Fcomments&post=190"}],"version-history":[{"count":82,"href":"https:\/\/vs-haimburg.ksn.at\/index.php?rest_route=\/wp\/v2\/pages\/190\/revisions"}],"predecessor-version":[{"id":5106,"href":"https:\/\/vs-haimburg.ksn.at\/index.php?rest_route=\/wp\/v2\/pages\/190\/revisions\/5106"}],"up":[{"embeddable":true,"href":"https:\/\/vs-haimburg.ksn.at\/index.php?rest_route=\/wp\/v2\/pages\/65"}],"wp:attachment":[{"href":"https:\/\/vs-haimburg.ksn.at\/index.php?rest_route=%2Fwp%2Fv2%2Fmedia&parent=190"}],"curies":[{"name":"wp","href":"https:\/\/api.w.org\/{rel}","templated":true}]}}