{"id":222,"date":"2012-01-30T11:30:01","date_gmt":"2012-01-30T10:30:01","guid":{"rendered":"http:\/\/www.vs-haimburg.ksn.at\/?page_id=222"},"modified":"2013-10-11T17:07:12","modified_gmt":"2013-10-11T15:07:12","slug":"fur-eltern-und-lehrerinnen","status":"publish","type":"page","link":"https:\/\/vs-haimburg.ksn.at\/?page_id=222","title":{"rendered":"Lesen &#8211; H\u00f6ren &#8211; Verstehen"},"content":{"rendered":"<table border=\"0\" align=\"left\">\n<tbody>\n<tr>\n<td><a href=\"http:\/\/www.bibernetz.de\/ww3ee\/index.php?sid=83748508679291194128300450045020\" target=\"_blank\">BIBER &#8211; Fr\u00fchkindliche Entwicklung<\/a><\/td>\n<td><a href=\"http:\/\/www.buchklub.at\/\" target=\"_blank\">Buchklub &#8211; Lesefit<\/a><\/td>\n<td><a href=\"http:\/\/www.buchklub.at\/\" target=\"_blank\">Kulturkontakt<\/a><\/td>\n<\/tr>\n<tr>\n<td><a href=\"http:\/\/www.hoerspielbox.de\/frameset.htm\" target=\"_blank\">Sounds im Netz<\/a> 1<\/td>\n<td><a href=\"http:\/\/www.sagen.at\/\" target=\"_blank\">Sagen<\/a><\/td>\n<td><\/td>\n<\/tr>\n<tr>\n<td><a href=\"http:\/\/www.sounddogs.com\/start.asp\" target=\"_blank\">Sounds im Netz<\/a> 2<\/td>\n<td><a href=\"http:\/\/content.tibs.at\/\" target=\"_blank\">Tiroler Bildungssservice<\/a><\/td>\n<td><a title=\"Vorleser.net\" href=\"http:\/\/www.vorleser.net\/autor.php?id=Grimm_Brueder\" target=\"_blank\">H\u00f6rspiele &#8211; gratis<\/a><\/td>\n<\/tr>\n<tr>\n<td><a href=\"http:\/\/www.kinder.at\/list\/4\" target=\"_blank\">Kinder lesen<\/a><\/td>\n<td><a href=\"http:\/\/www.die-guerbels.de\/\" target=\"_blank\">Kindergeschichten<\/a><\/td>\n<td><\/td>\n<\/tr>\n<tr>\n<td><a href=\"http:\/\/gutenberg.spiegel.de\/\" target=\"_blank\">Projekt Gutenberg<\/a><\/td>\n<td><a href=\"http:\/\/www.stube.at\/\" target=\"_blank\">Stube &#8211; Kinder- und Jugendliteratur<\/a><\/td>\n<td><\/td>\n<\/tr>\n<tr>\n<td><a href=\"http:\/\/www.bvoe.at\/\" target=\"_blank\">B\u00fcchereiverband \u00d6sterreichs<\/a><\/td>\n<td><a href=\"http:\/\/www.literacy.at\/index.php?id=2\" target=\"_blank\">Lesenetzwerk<\/a> &#8211; Literacy<\/td>\n<td><\/td>\n<\/tr>\n<tr>\n<td><a href=\"http:\/\/www.legasthen.de\/erp\/index.html\" target=\"_blank\">Legasthenie<\/a><\/td>\n<td><a href=\"http:\/\/www.lehrerservice.at\/spinter.html\" target=\"_blank\">Spatzenpost<\/a><\/td>\n<td><\/td>\n<\/tr>\n<tr>\n<td><a href=\"http:\/\/www.buchzeit.at\/\" target=\"_blank\">Buchzeit<\/a><\/td>\n<td><a href=\"http:\/\/www.lehrerservice.at\/kvinter.html\" target=\"_blank\">Kleines Volk<\/a><\/td>\n<td><\/td>\n<\/tr>\n<tr>\n<td><a href=\"http:\/\/www.andersentag.at\/\" target=\"_blank\">Andersentag<\/a><\/td>\n<td><a href=\"http:\/\/www.buchklub.at\/Buchklub\/Buchklub-Medien\/Medien-Uebersicht\/Buchklub-Elternmagazin.html\" target=\"_blank\">Buchklub Elternmagazin<\/a><\/td>\n<td><\/td>\n<\/tr>\n<tr>\n<td><a href=\"http:\/\/www.ig-lesen.at\/\" target=\"_blank\">I geh lesen<\/a><\/td>\n<td><\/td>\n<td><\/td>\n<\/tr>\n<tr>\n<td><a href=\"http:\/\/www.lesekultur.ksn.at\/\" target=\"_blank\">Lesekultur macht Schule<\/a><\/td>\n<td><a href=\"http:\/\/www.klick-tipps.net\/spielen\" target=\"_blank\">Onlinespiele-Hits<\/a><\/td>\n<td><\/td>\n<\/tr>\n<\/tbody>\n<\/table>\n<p>&nbsp;<\/p>\n<p>&nbsp;<\/p>\n","protected":false},"excerpt":{"rendered":"<p>BIBER &#8211; Fr\u00fchkindliche Entwicklung Buchklub &#8211; Lesefit Kulturkontakt Sounds im Netz 1 Sagen Sounds im Netz 2 Tiroler Bildungssservice H\u00f6rspiele &#8211; gratis Kinder lesen Kindergeschichten Projekt Gutenberg Stube &#8211; Kinder- und Jugendliteratur B\u00fcchereiverband \u00d6sterreichs Lesenetzwerk &#8211; Literacy Legasthenie Spatzenpost Buchzeit &hellip; <a href=\"https:\/\/vs-haimburg.ksn.at\/?page_id=222\">Weiterlesen <span class=\"meta-nav\">&rarr;<\/span><\/a><\/p>\n","protected":false},"author":1,"featured_media":0,"parent":71,"menu_order":0,"comment_status":"closed","ping_status":"closed","template":"sidebar-page.php","meta":[],"_links":{"self":[{"href":"https:\/\/vs-haimburg.ksn.at\/index.php?rest_route=\/wp\/v2\/pages\/222"}],"collection":[{"href":"https:\/\/vs-haimburg.ksn.at\/index.php?rest_route=\/wp\/v2\/pages"}],"about":[{"href":"https:\/\/vs-haimburg.ksn.at\/index.php?rest_route=\/wp\/v2\/types\/page"}],"author":[{"embeddable":true,"href":"https:\/\/vs-haimburg.ksn.at\/index.php?rest_route=\/wp\/v2\/users\/1"}],"replies":[{"embeddable":true,"href":"https:\/\/vs-haimburg.ksn.at\/index.php?rest_route=%2Fwp%2Fv2%2Fcomments&post=222"}],"version-history":[{"count":20,"href":"https:\/\/vs-haimburg.ksn.at\/index.php?rest_route=\/wp\/v2\/pages\/222\/revisions"}],"predecessor-version":[{"id":271,"href":"https:\/\/vs-haimburg.ksn.at\/index.php?rest_route=\/wp\/v2\/pages\/222\/revisions\/271"}],"up":[{"embeddable":true,"href":"https:\/\/vs-haimburg.ksn.at\/index.php?rest_route=\/wp\/v2\/pages\/71"}],"wp:attachment":[{"href":"https:\/\/vs-haimburg.ksn.at\/index.php?rest_route=%2Fwp%2Fv2%2Fmedia&parent=222"}],"curies":[{"name":"wp","href":"https:\/\/api.w.org\/{rel}","templated":true}]}}